mber?
True
Is 4784501333 prime?
False
Is 988423693 prime?
False
Is 125030148753 a prime number?
False
Is 46598862649 a composite number?
False
Is 2906445133 composite?
True
Is 132852254671 prime?
False
Is 3393737401 prime?
False
Is 38614760273 a prime number?
False
Is 192497267 a composite number?
False
Is 254103146819 a prime number?
True
Is 6713403607 a composite number?
False
Is 15324647831 composite?
True
Is 9427777819 prime?
True
Is 6036887315 composite?
True
Is 1852306583 composite?
False
Is 805639847 a composite number?
True
Is 65680339 prime?
True
Is 8749613629 prime?
False
Is 3873155309 a prime number?
True
Is 128432881 a prime number?
False
Is 3015787589 a composite number?
False
Is 13077205249 a prime number?
True
Is 5822827303 composite?
True
Is 12015808699 a composite number?
True
Is 301962679 prime?
True
Is 10248529177 prime?
True
Is 820026497 composite?
True
Is 21464459477 a composite number?
False
Is 741143993 composite?
False
Is 1592877607 composite?
False
Is 691419857 composite?
False
Is 2442664999 composite?
True
Is 3592773689 prime?
True
Is 1828364201 composite?
True
Is 1659521233 a composite number?
True
Is 15619945463 prime?
False
Is 1511564459 a prime number?
False
Is 2040892669 a prime number?
False
Is 922134947 a prime number?
False
Is 2469909307 prime?
True
Is 644394327 composite?
True
Is 11621437 prime?
True
Is 23973807493 prime?
False
Is 484878647 a prime number?
False
Is 588430294 prime?
False
Is 13246016969 a composite number?
False
Is 12761908795 a prime number?
False
Is 648660119 prime?
False
Is 1211844167 a prime number?
False
Is 55610077057 a prime number?
True
Is 186312317 a prime number?
True
Is 2299822093 prime?
False
Is 131101021 a prime number?
True
Is 30076306489 a prime number?
True
Is 108666253 a prime number?
False
Is 33117691501 a composite number?
True
Is 80554063 a prime number?
True
Is 669929509 composite?
True
Is 3720361459 composite?
False
Is 247671733 a composite number?
True
Is 1949061563 a composite number?
False
Is 16409755273 prime?
True
Is 3854447789 composite?
True
Is 6946938451 prime?
True
Is 461299544281 a prime number?
True
Is 4250640098 composite?
True
Is 3174754126 composite?
True
Is 139076097149 prime?
False
Is 7092342431 a composite number?
False
Is 178384539061 a prime number?
False
Is 31789267031 a composite number?
False
Is 87565753 a composite number?
True
Is 252219569307 composite?
True
Is 308512847 prime?
True
Is 133634394073 composite?
False
Is 10906952851 a prime number?
True
Is 3457597553 composite?
False
Is 19497349873 prime?
True
Is 72829694933 a prime number?
True
Is 145146587 a prime number?
False
Is 57936538799 prime?
True
Is 3796158083 prime?
True
Is 4345005803 a prime number?
False
Is 3081379471 prime?
True
Is 4295719187 a prime number?
True
Is 5769527297 a composite number?
False
Is 323036579 prime?
False
Is 724235903 a prime number?
True
Is 2171041469 prime?
True
Is 180539837 prime?
True
Is 928687381 prime?
True
Is 3897837877 a composite number?
True
Is 32371960237 a composite number?
False
Is 8483814935 prime?
False
Is 387003917 a composite number?
False
Is 2420271467 a composite number?
False
Is 1955048417 a prime number?
False
Is 152567619 composite?
True
Is 9642535783 prime?
True
Is 55453956619 composite?
True
Is 111236041757 a composite number?
False
Is 23087207251 a prime number?
False
Is 2388489127 composite?
True
Is 21468280699 prime?
True
Is 23145790623 prime?
False
Is 156667229 composite?
False
Is 330957611 a prime number?
True
Is 23162161957 a prime number?
False
Is 21522549311 composite?
True
Is 175056246347 prime?
False
Is 7698084263 prime?
True
Is 2075654923 a composite number?
True
Is 3580919879 composite?
True
Is 733475909 composite?
False
Is 28050445 prime?
False
Is 18686144879 prime?
True
Is 748672693 prime?
False
Is 1614106279 prime?
True
Is 39138898433 a prime number?
True
Is 3770783411 composite?
True
Is 186317282689 composite?
False
Is 6304964591 a prime number?
False
Is 15227682895 composite?
True
Is 199029527 prime?
True
Is 8160222193 prime?
False
Is 136564167 a prime number?
False
Is 2946067459 composite?
False
Is 87634475953 composite?
False
Is 3986101085 a prime number?
False
Is 36820606477 a composite number?
False
Is 3274566041 a prime number?
True
Is 6541613194 a composite number?
True
Is 3169627433 a prime number?
False
Is 181501351 composite?
False
Is 4867526463 composite?
True
Is 355524002 a prime number?
False
Is 83915239 prime?
True
Is 78383807209 a prime number?
True
Is 130490256227 a prime number?
True
Is 34006858271 composite?
False
Is 818691821 a prime number?
True
Is 21029415989 composite?
True
Is 241598220139 a prime number?
True
Is 15523599331 a prime number?
True
Is 5393032171 a prime number?
True
Is 25990247 composite?
False
Is 34341949981 composite?
False
Is 1473550313 a composite number?
False
Is 13656625373 a prime number?
False
Is 993550027 a prime number?
True
Is 2201815781 prime?
False
Is 89413717 a prime number?
False
Is 6696346831 composite?
False
Is 269544619 a composite number?
True
Is 32687531059 composite?
True
Is 1078412611 a prime number?
True
Is 311307571 a composite number?
True
Is 1973611727 a prime number?
True
Is 136191281 a prime number?
True
Is 840738433 composite?
True
Is 781938757 a composite number?
True
Is 544442993 prime?
False
Is 7874480001 a composite number?
True
Is 430605653 prime?
False
Is 4148788297 prime?
True
Is 558751849 prime?
True
Is 1346089303 a composite number?
True
Is 188393819 a composite number?
True
Is 245488298989 prime?
True
Is 41445251 a composite number?
True
Is 31720699 a prime number?
True
Is 102020819 composite?
False
Is 370402033 prime?
True
Is 1137036113 composite?
False
Is 26633049193 prime?
False
Is 7780877737 a composite number?
False
Is 5589454063 prime?
False
Is 170043253 prime?
False
Is 392002427 prime?
True
Is 801446377 a prime number?
True
Is 165280992649 a prime number?
False
Is 42043493 prime?
False
Is 10636513089 a composite number?
True
Is 428187229 a prime number?
False
Is 386462773 prime?
False
Is 1405232747 a prime number?
True
Is 1113070251 prime?
False
Is 12801693173 composite?
True
Is 130968193 composite?
False
Is 202799852791 a composite number?
True
Is 46009244245 prime?
False
Is 70024235395 a composite number?
True
Is 130989371 a prime number?
True
Is 1092620677 a composite number?
True
Is 134910661 prime?
False
Is 61383232109 a composite number?
False
Is 62675953661 prime?
True
Is 2606139127 a prime number?
True
Is 2426023426 prime?
False
Is 2043738523 prime?
False
Is 430298639 a composite number?
True
Is 450972119 composite?
True
Is 10661228891 composite?
False
Is 6405436801 prime?
False
Is 5245787269 composite?
False
Is 47993134295 a prime number?
False
Is 5582255693 composite?
True
Is 1658679481 a composite number?
True
Is 59194042331 a composite number?
False
Is 34920461 prime?
False
Is 144159698867 prime?
True
Is 90259162117 composite?
False
Is 757454833 a composite number?
False
Is 29767273087 a composite number?
False
Is 1505211551 prime?
True
Is 8466670651 composite?
False
Is 465096772223 a prime number?
False
Is 381519623 composite?
False
Is 114391733 a prime number?
True
Is 156475200445 a prime number?
False
Is 7714848073 composite?
True
Is 2170030333 composite?
False
Is 314198914 composite?
True
Is 723032938 composite?
True
Is 4672547423 a composite number?
False
Is 701959957 a prime number?
False
Is 1368737611 a prime number?
True
Is 3827683833 composite?
True
Is 414999317 a prime number?
True
Is 2226863831 composite?
False
Is 25234180229 prime?
False
Is 26447853907 a composite number?
False
Is 2599355179 prime?
True
Is 17493251249 prime?
True
Is 30272623831 a composite number?
True
Is 493063117 prime?
False
Is 1299700355 composite?
True
Is 157014191 a prime number?
False
Is 5387918827 a composite number?
False
Is 4288638421 a composite number?
True
Is 1075935713 a prime number?
True
Is 64910166227 prime?
True
Is 12331769 a composite number?
True
Is 4463539231 composite?
True
Is 1333051295 composite?
True
Is 45087799 prime?
True
Is 2284227239 a composite number?
True
Is 49771390961 a composite number?
True
Is 5817644351 composite?
False
Is 2795523583 composite?
True
Is 248032997 composite?
True
Is 2183482037 composite?
True
Is 113